- (-17 - (-6 + 1)) - 2).
84
Evaluate 106 + 77 + -4 - 75.
104
7 - 7 - 5 - (5 + 0) - (-77 + 21)
46
What is -1 + -12 - (52 + -158 + 116)?
-23
Calculate (62 + -1 - 0) + -51 + 13 + 52 + -17.
58
What is the value of -3 - (2 + (1 - (7 + -3 - 3)))?
-5
What is the value of -43 - 8 - (-77 - -69)?
-43
55 - (103 + -66) - 56
-38
Evaluate 16 - (-14 - -45) - 31.
-46
(-1 - (5 + -6)) + -4 - (-266 + 273)
-11
What is the value of -1268 + 1239 - (2 + 0 + -1 + -1)?
-29
45 + -41 - (5 + -6 + 2 + -5 + -1)
9
Calculate -34 - -56 - (-9 - -90) - -20.
-39
What is -8 - -87 - (335 - 292)?
36
Evaluate -11 + (-51 - (-19 + -13 + 9)).
-39
What is 435 + -470 - (-39 - -3)?
1
What is 46 - (7 - -9) - 27?
3
What is -27 - 0 - ((7 - 2) + (-13 - (-18 + 9)))?
-28
279 + -40 + -197 + -1 + 23
64
What is -30 + (22 - 29 - -43) - 15?
-9
Calculate 2 + 1 - (78 + -114 + 8).
31
What is the value of -5 - ((-24 - -12) + 9) - -4 - 11?
-9
What is (-4 - (27 + -5 + 7)) + -9 - (-8 + 6)?
-40
Evaluate 72 + (-49 - -87) - (-5 + 24).
91
What is the value of -2172 + 2119 - (53 + 7)?
-113
-13 + 24 + (20 - 28)
3
What is the value of -38 + (38 + -16 - -5) + -19?
-30
What is 6 + (-16 - -56) + (-5 - 98)?
-57
14 + -2 + (-29 - -21) - -35
39
Calculate 1 - (-1 + 39 + (21 - (28 + (9 - 26)))).
-47
-17 - (-15 - (-17 + -8 + -10))
-37
What is 29 - (-55 - ((21 - 27) + -29))?
49
Calculate -86 + 150 - -45 - 39.
70
(-45 - -94) + (-26 - (-6 - -8))
21
What is the value of -4 - ((32 - 27) + (6 - 3))?
-12
What is (32 - 74) + 13 + 31 + (-74 - (-2 + 1))?
-71
What is (1 - ((6 - -8 - 23) + 23) - 2) + 6?
-9
What is the value of 5 + -1 + 0 + (10 - 9) - (-1795 - -1771)?
29
Calculate 304 + -40 + -208 + 82.
138
1 + -1 + -34 + 12 + 6 + -23 + 13
-26
Evaluate (95 - 191) + 85 + 8.
-3
What is 3 + -3 + -2 + 10 + 21 + 6 + -24?
11
Evaluate (-13 - -8 - (-2 + 6)) + (-191 - -134).
-66
Evaluate 52 - -2 - (2199 - 2171).
26
What is 575 + -593 - (1 - 46)?
27
Evaluate 11 + 1 + (763 - 771).
4
4 + 14 + -42 + -6 + 16 + -11
-25
What is 1 - -85 - (-2474 + 2607)?
-47
What is the value of -110 + (8 - (2 + -6 + -1) - (351 + -338))?
-110
Evaluate (107 - 127 - (0 + -14)) + -36.
-42
Evaluate -2 - (-3 - (-3 - -9) - (-7 - -9)).
9
What is 35 + -13 - (-13 - -66)?
-31
Evaluate (35 - -4) + (-30 - -27) + (6 - 2) + 7.
47
Evaluate (1 + -1 - -1) + 0 + (37 - (-87 + 125)).
0
What is 11 + -23 + -11 + 14 + (-3 - 24)?
-36
Evaluate -41 - (25 + (25 - 60) - 28).
-3
What is -577 + 482 - (-8 - (-25 + 2))?
-110
Evaluate ((-48 - -113) + -43 - 18) + (-74 - 1).
-71
5 + -4 + 1 - (-8 + -13 - (-94 - -10))
-61
What is -7 - -1 - ((-12 - -24) + (9 - (-5 + 52)))?
20
What is the value of (4 - 2) + (11 - 0) + -79 + 68 + 47?
49
What is -13 + (-1 + 1 - (-360 + 340)) - (22 - 5)?
-10
What is the value of 9 + (-34 - (-39 + -18))?
32
What is the value of (9 - 17 - (13 + 0 + -29)) + -9 + -28?
-29
Calculate -145 - -134 - (4 + -41).
26
-2 - 61 - ((-10 - 0) + -68 + (137 - 45))
-77
What is the value of 27 + (-20 - (-52 - -47)) + -45?
-33
What is (2 + (6 - (1 - 0)) - -1) + 60 + -69?
-1
Evaluate 1606 + -1533 + -3 + -34.
36
Calculate (-1 + 3 - -43) + (-152 - (-107 - 42)).
42
-56 - (-68 - (53 + -57))
8
What is the value of -236 + 117 + -62 + 89?
-92
(-266 - -342) + (0 - (-13 + 2 - 4)) + 11
102
Evaluate -34 + 30 + (17 + 0 - 0 - 0) - 113.
-100
Calculate 43 - 29 - (7 + -2) - 9.
0
What is (158 - 179) + (-1 + -1 - -27)?
4
What is the value of 71 + (51 - 154 - -48)?
16
What is 58 + (-86 - -19) - -25?
16
Calculate 15 + (41 + (-23 - -3) - 126) + 11.
-79
Evaluate -46 - (65 + -60) - -98.
47
Evaluate -6 + (21 - 13) + -7 + 4 + -11.
-12
-46 + (86 - (-42 + 83))
-1
What is the value of 11 - ((7 - -11) + -4) - (-7 + 19 + 8)?
-23
Calculate 27 - (-18 - (-34 - -35 - (10 + 0))).
36
What is the value of 12 + -1 - (-442 + 460 - (-2 + 87))?
78
-8 + 1 - (4 + 100) - (-59 - -76)
-128
-2 + 9 + -5 + (-3 - -6) + -23
-18
Evaluate 63 + (-9 - -2) - (-16 - -57 - 26).
41
What is (-1 - ((0 - 0) + 11)) + -35397 + 35323?
-86
Evaluate -3 + 17 + -17 + (-7 - (2 - 16)) + -121.
-117
What is the value of -60 - -57 - (1 + -82 - (-8 - (-1 - 0)))?
71
Evaluate (-6 - -16 - 1) + -3 + 83 + -1 + 13.
101
What is 3 - ((42 - 31) + (6 + 0 - (12 + -9)))?
-11
Calculate (40 - -21) + 2 + -4 + 20 - -2.
81
-6 + 36 + (-36 - (-41 + -11))
46
1 - 4 - -7 - ((-37 - 3) + 50) - -44
38
Calculate (67 - -1) + (35 + -4 - 14) + -15.
70
Calculate (10 - (-6 + -5 - -8)) + 5 + (-8 - -1).
11
What is (1 - 7 - (-310 + 305)) + (10 - 5)?
4
Calculate -43 + 54 - (-18 + -13 + 19).
23
-32 - (1 + -23 + 48 + -42)
-16
What is the value of -8 + -27 + (-19 - (-18 - -30)) + (11 - -1)?
-54
What is -125 + 171 - (5 - 23)?
64
What is 42 + (-70 - -8) + -37?
-57
Evaluate -8 - (-17 - (27 - (1 - -11))).
24
Calculate (-2 - -5) + -11 - (-4 - -11 - -3).
-18
What is the value of 137 + -182 + 59 + 4?
18
15 + 24 + 80 + -8 + -46
65
What is (3 - 15) + -2191 + 2223?
20
What is the value of (-3 - (-3 + (-2 - 2))) + (-600 - -674)?
78
Evaluate -68 - -171 - 79 - (1 - -14).
9
5 + (-1 - -22 - (90 + -56 + 10))
-18
Evaluate -1 - 2 - (-39 + -7 + 8 + 41) - -46.
40
What is (2020 - 1988) + (-1 - 10)?
21
What is the value of 24 + -27 + 67 + -21?
43
38 + (15 - (-28 + 59))
22
-2 + (-50 - -40 - (-5 - (1 - 2))) + 39
31
Evaluate -95 + (67 - 0) - (-131 + 4).
99
Evaluate -201 + 126 + (-18 - -43).
-50
Calculate -5 + 0 + (-2 + -6 - ((49 - 98) + -96)).
132
Calculate 1 - 2 - ((-3 + 0 - 4) + (534 - 538)).
10
118 + 82 + -182 + 1 + 26
45
Calculate (72 - 6) + 27 + -19 + -12.
62
What is the value of -6 + 0 + 70 + -12 + -119?
-67
What is the value of 58 + -94 - (-1 - 98) - (-11 - (1 + 0))?
75
(-1 - -5) + 91 + (-17 - -20) + 1 + -12
87
Calculate 4 + 33 - (-371 + 456).
-48
1 + ((5 - 2) + -2 - 0) + (10009 - 9995)
16
What is the value of 58 + 22 + -24 + -7 - -5?
54
13 + (-3 + 27 + -13 - 23)
1
What is (6 - (6 - -2)) + 65 + -100?
-37
Calculate 2 - (-28 - 2) - (27 + -89 + 52).
42
What is the value of 0 + (42 - (61 + -64 - (3 + -16)))?
32
What is the value of 3 - (4 - (-102 - ((-34 - -36) + (-2 - 9))))?
-94
Evaluate 10 - (73 + -95 - -41).
-9
(-7 - -15) + -14 + (-1 - -12) + 10 + -40
-25
9 + -9 + (-32 - -19) - 9
-22
Calculate -17 - (-41 + 45) - (0 + 2 + -1).
-22
What is the value of 5 - ((2 + -3 - -62) + (32 - (14 - -11)))?
-63
What is (100 - (54 + 78)) + 33 + 3?
4
Calculate 2 + (-1 - 1) - ((-1 - -39) + 2570 + -2607).
-1
Calculate (-12 + -4 - (142 + -147)) + 43.
32
Calculate -60 - -21 - (-53 + -135 + 43).
106
What is the value of (22 + -1 - 29) + -49 - -2?
-55
Evaluate (-24 - (12 - (16 - -5))) + 44.
29
What is the value of 8 - (66 - -23) - (-6 - (8 + -9 + 0))?
-76
What is 3 + -9 + (-76 - -79) + -3 - (21 - -1)?
-28
What is the value of 761 + -771 + (74 - 4 - -1)?
61
What is -32 - (-103 + -4) - 172?
-97
-3 + (1 - -2) + (-21 + (-7 - -45) - -15)
32
What is -1 + 0 + 43 + (-68 + 178 - 112)?
40
Evaluate -5 - (-36 + -4) - ((10 - 0 - 13) + 6).
32
24 - (34 + 107) - ((1 - 1) + -2 + -12)
-103
Evaluate 9 - (16 - (22 - 3)) - -2.
14
Calculate -95 - -11 - -103 - -76.
95
What is the value of -1 + 0 + -5 + 35 + (-37 - -48)?
40
Evaluate (50 - 4) + 0 + -3 + 10.
53
What is the value of 3 - (28 + -13 - 68) - (1 - (19 + -5))?
69
(3 - 6) + 4 + (20 - 15 - (2 - -10))
-6
6 - 112 - ((3 - 4) + 21)
-126
(1 - 0) + (-11 + (6 - 11) + 11 - -1)
-3
Calculate (6 + 0 - 8) + -79 + (53 - 40).
-68
Calculate (9 - -21) + -20 - (-6 + 13 + (-2 - 16)).
21
What is -58 + (127 - 90 - -46)?
25
What is the value of (-133 - -1) + 993 + -1025 - -26?
-138
What is 26 + 68 + -38 - 31?
25
49 + 59 - (-62 + 212)
-42
Evaluate 29 + (-30 - 7) + 31 + -8.
15
What is 5 + 0 + -14 - ((31 - -6) + 10 - -4)?
-60
Evaluate 10 - -80 - (-295 - -419).
-34
What is the value of (-24 + (24 - 22) - -16) + (1 - 1)?
-6
((90 - 27) + -7 - 30) + -57
-31
Evaluate -20 + (31 - 22 - (-8 + 1)) + -22.
-26
What is the value of -131 - (72 - (-29 + 64) - 65)?
-103
Calculate -3 + (1 - -147) + (63 - -21) + -104.
125
154 + (-59 - 20) + -1 + -15
59
What is the value of -95 - (-4 + 25 + -75)?
-41
447 + (979 - 1433) + (1 - (0 - -1 - 63))
56
What is the value of -26 + 106 + (404 - 591)?
-107
-32 - -27 - (21 + 4 + -12) - 67
-85
What is the value of 94 + (-38 + 8 - (-36 + 33))?
67
Evaluate (-4 - (-11 + (-97 - (0 - 10)))) + -28 + 20.
86
Calculate (-10 + 7 - -61) + (8 - (1 - -9)).
56
What is the value of -87 + -31 - -207 - 239?
-150
Calculate -373 + 354 + (-